late a(g).
8
Let c(a) = -a**3 - 2*a**2 - 4*a + 2. Let o be c(4). Let z = -121 - o. Let q(i) = i + 2. Determine q(z).
-9
Let n = -57 + 59. Let v(z) = 0*z**2 + z + 5*z + z - z**n - 2. Determine v(7).
-2
Let l(y) be the third derivative of y**6/120 + 2*y**5/15 - 7*y**4/24 + 19*y**3/6 - 71*y**2 - 1. Calculate l(-9).
1
Let u(i) be the first derivative of 3*i**2 - 32 + 7*i + 1/3*i**3. Give u(-5).
2
Let i(l) = -3*l + 1. Suppose -6*x = u - 2*x + 5, -u - 3*x - 3 = 0. What is i(u)?
-8
Suppose -6 = 2*z - 3*v + 7, -2*v = z - 11. Suppose l + 1 = 4. Let c = z - l. Let d(f) = f**3 + f**2 + f. Calculate d(c).
-6
Let k(l) = -15*l - 3. Suppose -3*n + 5*m + 35 = -0*n, 3*m = 3*n - 27. Let o(q) = 7*q - 5 + 6 - 2 + 3. Let f(v) = n*o(v) + 3*k(v). What is f(1)?
-9
Suppose -55 = 14*m - 3*m. Let l(k) = k**2 + 2*k - 11. Determine l(m).
4
Let l(y) = -y**2 - y - 2. Let h(i) = -i**3 + 13*i**2 + 13*i + 11. Suppose -4*a - 13 = 3, 32 = -2*x + 2*a. Let k = x + 34. Let p be h(k). Calculate l(p).
-8
Let i(h) = -h**2 - 4*h + 2. Let o = -238 + 232. Give i(o).
-10
Suppose 3*z + 3*m - 2*m + 127 = 0, 2*z = 5*m - 62. Let h = z + 41. Let f(v) be the third derivative of v**5/60 - v**3/2 - 3*v**2. What is f(h)?
-3
Let v(m) = -m**2 + 4*m + 8. Let t(w) be the third derivative of w**4/24 + w**3/6 + w**2. Let p = -130 + 131. Let h(n) = p*v(n) - 4*t(n). Give h(-3).
-5
Let d(q) = -q**3 + 13*q**2 + 12*q - 10. Suppose 20 = 4*k, -2*u + 33 = 6*k - 5*k. Determine d(u).
-38
Let s(o) = -3*o - 15. Let i be s(-8). Let q be ((-5)/(i - 4))/(-1). Let d be (-3)/(-3)*q/1. Let c(l) = -6*l**3 - l**2. Calculate c(d).
-7
Let h(s) = 64 - 204 + 66 + 4*s + 75. Give h(-3).
-11
Let m = -10 - -9. Let r(n) = -3*n. Let s be r(m). Let z(l) = -l + s*l + 8 - 6*l - l**2. Give z(-6).
-4
Let c be ((-20)/8 - -3)*0. Suppose -j = 5*t - 7 + 3, -4*t - j + 4 = c. Let h(z) = -5*z**3 + t*z**2 + 1 + 4*z**3 + 4*z**2 - z. What is h(3)?
7
Suppose 0 = 2*d + 3*a - 5, -6*a + a = 4*d - 5. Let k = -4 - -7. Let v(n) = 2*n - n**2 - n - n - k*n + 6. Determine v(d).
-4
Let b(z) = z**3 - 5*z**2 + z + 2. Suppose -2*j = -j - 3. Let m(d) = 3*d + d**2 - j*d + 2 - 26*d**3 + 27*d**3. Let n be m(0). Determine b(n).
-8
Let z(g) = -g + 3. Let c be (-1 + -1)*1 + 128/8. Suppose -10*f = -c*f + 36. Calculate z(f).
-6
Let i(m) = m**2 - m + 2. Let d be i(-2). Suppose 3*y - d = 13. Let n(t) be the first derivative of t**4/4 - 7*t**3/3 + t**2/2 + 8*t - 28. Calculate n(y).
15
Let x(i) be the first derivative of 2*i - i**2 + 2 - 1/3*i**3. Suppose 15*v - 60 = -30. What is x(v)?
-6
Let s(n) = 2*n**3 - 2 + 10*n**2 + 7*n**2 - 4*n + 6*n**2 - 36*n**2 + 4*n**2. What is s(5)?
3
Suppose 8*i = 15*i. Let h(n) be the first derivative of -n - 1/2*n**2 + 3. Calculate h(i).
-1
Let s(f) = f + 1. Let o(i) = -5*i - 3. Let g(p) = o(p) + 6*s(p). Let m be g(0). Suppose -m = 2*c - c. Let b(u) = 2*u**2 + 5*u + 3. What is b(c)?
6
Let o(a) be the third derivative of a**6/8 - a**5/30 - a**4/12 - a**3/6 + 127*a**2. Calculate o(-1).
-16
Let s(o) be the first derivative of -o**4/4 + o**3 - 2*o**2 + o - 59. Determine s(4).
-31
Let k(q) = q - 3. Let v(y) = 4*y + 71 + y - 87. Let g be v(4). Determine k(g).
1
Let l(i) = 2*i + 11. Let y = 218 + -232. What is l(y)?
-17
Suppose 8 - 32 = 4*x. Let u(n) = -6*n - 7. What is u(x)?
29
Let f(a) = 3*a + 10. Let u(l) be the third derivative of l**4/6 + 11*l**3/6 - 49*l**2. Let o(t) = 6*f(t) - 5*u(t). Calculate o(5).
-5
Let w(x) = -x**3 - 7*x**2 - 4*x - 2. Let p be (-66)/10 + 9/15. Calculate w(p).
-14
Suppose 3*f - 6*f = -6. Suppose 10 = -4*w + f*w. Let x(y) = -3*y - 7. Let g(c) = 4*c + 6. Let h(t) = w*x(t) - 6*g(t). Give h(1).
-10
Let m be ((-12)/10)/(6/(-40)). Let j(y) = -3*y + 9. Give j(m).
-15
Let z(i) = -2*i - 4. Let j = -21 - -15. Let d be (-8)/(3*(-4)/j). Give z(d).
4
Let c(t) = -3*t**2 - 7*t + 5. Let r be (-2 + 1 - 0)*7. Let j(o) = -4*o**2 - 11*o + 8. Let k(a) = r*c(a) + 5*j(a). Determine k(6).
5
Suppose -2*v = -8, v + 52 = 4*z + 2*v. Suppose 0 = 4*c - z - 0. Let l(m) = -3*m**3 + 0*m**c + 4*m**3 + m - 7*m + 2 - 4*m**2. What is l(5)?
-3
Let g(s) be the first derivative of s**3/3 - 3*s**2/2 - 6*s - 30. Determine g(6).
12
Let v(c) = -7*c**2 + c. Let h = -35 - -30. Let b be (5 + h)*(-2 + 3). Suppose t + 6 = 5*y, 2*y - 4*t + 2*t - 4 = b. Calculate v(y).
-6
Let o = 363 + -198. Let r(i) = 158*i - 324*i + o*i + 4. What is r(2)?
2
Let h(v) = v**3 + 5*v**2 - 3*v - 5. Let j be 36/48 + (-43)/4. Let u = j - -5. Give h(u).
10
Let i(o) = 5*o + 767 - o - 770. Let k(r) = -7*r + 6. Let p = -28 + 17. Let z(c) = p*i(c) - 6*k(c). What is z(-4)?
5
Let l(c) = c**2 + 2*c + 1. Let i = 2656 + -2658. Calculate l(i).
1
Let t be (42/24)/(1/(-4)). Let h(z) = 2*z + 14. What is h(t)?
0
Let g(c) = -c + 10. Let q be (-4)/((-72)/(-6))*-63. Suppose 0 = 3*h - 6*h + q. Determine g(h).
3
Suppose -36 = -4*q + 3*z - 4, -5*z - 30 = -2*q. Let l(f) = -f**2 + f - 6. Determine l(q).
-26
Let f(s) be the second derivative of -5*s**3/6 - s**2 + 8*s + 13. Determine f(-2).
8
Let z(p) = -p + 14*p - 8*p - 2*p**2 - 1 - 7*p. Let n(h) = -3*h + 5. Let s be n(-5). Suppose 4*q + 0 = 16, 4*q = 4*w + s. What is z(w)?
-1
Let u(z) be the first derivative of z**4/4 - z**3/3 + 10. Let t(j) = -5*j**3 + j**2 - j - 2. Let a(i) = t(i) + 3*u(i). Calculate a(-2).
8
Let o(m) = 5*m**2 + 73*m + 33. Let w be o(-14). Let q(k) = -13*k - 6. Let a(y) = -7*y - 3. Let p(c) = 11*a(c) - 6*q(c). Give p(w).
-6
Let q(g) = -g + 12. Let f(v) = -20 - 3*v + 0 - 2. Let u(o) = -9*o - 65. Let m(i) = -11*f(i) + 4*u(i). Let y be m(-8). Give q(y).
6
Let l(u) = -u**3 + u**2 + u - 1. Let f = 0 - -2. Suppose 4 - f = q. What is l(q)?
-3
Let t(m) = m - 14. Let s(w) = -w - 16. Let y be s(-17). Let u = y - -6. Calculate t(u).
-7
Let j(u) = -6*u + 334. Let k be j(55). Let c(v) = -7*v + 14. Give c(k).
-14
Suppose -4*y = -4*r - 8, 5*r = -5*y + 9*y - 7. Let w(x) = 5*x**3 - 2*x**2 + 1. What is w(r)?
4
Let d be 170/45 + (-2)/(-9). Suppose d*h + 24 = 10*h. Let q(l) = -2*l + 3. Give q(h).
-5
Let y(n) be the second derivative of n**8/6720 - n**7/2520 - n**6/240 + n**5/60 + 2*n**4/3 - n. Let v(w) be the third derivative of y(w). Give v(2).
0
Let c(m) = m**3 + 4*m**2 - 4*m - 4. Suppose -26 = 4*x - 2*x. Let u(r) = -r**3 - 13*r**2 - 2*r - 31. Let a be u(x). Calculate c(a).
-9
Let f = 21 + -17. Suppose 3*n - 21 = f*l, 0*l - 4*l - 35 = -5*n. Let o(z) = z - z - 5*z + 2 + n*z**2 - z**3 - 5. Give o(6).
3
Let a = -464 - -453. Let j(q) = -q - 5. Give j(a).
6
Suppose 15 = -2*g - o, 28*g - 4*o = -7*o - 199. Let p(k) = k**2 - 4 + 7*k + 4 + 8. Give p(g).
8
Let g = 2 + -6. Let j(t) = 2 - 6 + 1 - 1 - 6*t. What is j(g)?
20
Let q(j) = -2*j + 7. Let l be (-18)/4*(-8)/6. Suppose -3*k - 6 = 3*w, k = 3*w + l*k + 12. Let f be (42/(-30))/(w/(-5)). What is q(f)?
-7
Let h(k) = -7*k**2 + 11*k + 1. Let q(j) = 4*j**2 - 5*j - 1. Let i(d) = -3*h(d) - 5*q(d). Determine i(6).
-10
Let h(c) = 4*c + 13. Suppose -m - 5*w - 4 = 5, 0 = 4*m - w - 6. Let n(a) = a + 1. Let y(r) = m*h(r) - 6*n(r). Calculate y(5).
-3
Suppose 5*u + 5*k = 5, -14 = -3*u + 2*k - 1. Let s(j) = 2*j - 5. Let p be s(4). Suppose u*v = 4*v - p. Let i(m) = m**3 - 4*m**2 + 5*m - 4. Calculate i(v).
2
Let v(s) = -s**2 - s + 1. Let y = 15 - 18. Let p(q) = 8 + 0*q**2 + 2*q**2 + 0*q - 2*q - 4*q**2. Let g(x) = y*v(x) + p(x). Calculate g(0).
5
Suppose 0 = 6*s - 2*s - 24. Let z(b) be the third derivative of b**4/8 + 2*b**3/3 + 23*b**2 - 2*b. Give z(s).
22
Let a(h) = -6*h**3 + 2*h**2 + 9*h - 26. Let w(q) = 5*q**3 - 3*q**2 - 9*q + 23. Let t(j) = -4*a(j) - 5*w(j). Calculate t(8).
-3
Let l(f) = f**2 - 9*f + 2. Let h be 118/14 + (-208)/(-364). What is l(h)?
2
Let z(b) = b - 5. Let y(v) = -2*v + 4. Let n(m) = 4*y(m) + 3*z(m). Calculate n(-5).
26
Let b(o) = 21*o**2 - 25*o - 5. Let i(q) = 4*q**2 - 4*q. Let w(g) = -b(g) + 5*i(g). Let f = 4 + 0. What is w(f)?
9
Suppose -17*x + 20*x = 0. Let f be (-4)/6 - (-14)/21. Let d(v) = f + 1 - v - 2 - 1. Give d(x).
-2
Suppose -3*n + 2 = -34. Suppose 2*o = 5*o - n. Let v(m) = m**3 - 3*m**2 - 4*m + 1. Calculate v(o).
1
Let w(z) be the second derivative of z**3/6 - z**2/2 + z. Let i = 25 + 27. Let n = -47 + i. Give w(n).
4
Let n(i) = 3*i**3 - i**3 - i**3 + 1 - i + 2*i**3. Let v = 5 - 2. Suppose 5*p - v - 2 = 0. What is n(p)?
3
Let r(n) = -3*n**3 + 1. Suppose 43*w - 6 = 49*w. What is r(w)?
4
Let t(c) be the seco